i.
45
Let v = 289 + -271. Calculate the remainder when v is divided by 14.
4
Let d = -67 + 81. Let s = 81 - 35. Suppose 7 = -u + 4*o + s, 5*o = -15. Calculate the remainder when u is divided by d.
13
Let v(q) = 3*q**3 - 6*q**2 + q + 1. Calculate the remainder when v(4) is divided by (-4 - (-25)/10)/(-12 + (-11025)/(-924)).
13
Let u = 751 + -667. What is the remainder when 333 is divided by u?
81
Let c be 368/8*(-1)/2. Let k = -21 - c. Suppose -3*f - 3*m + 12 = -36, -m + k = 0. What is the remainder when 67 is divided by f?
11
Suppose -15 = -3*s, 6*f - 3*s = 3*f - 3. Let a(m) = -2*m + 17. Let l(r) = -r + 3. Let b be l(-4). Calculate the remainder when f is divided by a(b).
1
Let s = 179 - 147. What is the remainder when 154 is divided by s?
26
Let k(x) = -11*x**3 + 3*x**2 + x + 1. Calculate the remainder when 49 is divided by k(-1).
7
Suppose -j - 458 = -h, 0*h + 2*j - 467 = -h. What is the remainder when h is divided by 22?
21
Suppose -2*i + 172 = -4*h - 2*h, -2*i + h = -162. What is the remainder when i is divided by 32?
16
Let z(h) = h**2 - 2*h - 3. Let x be z(-5). Suppose 3*p - 5*p + x = 0. What is the remainder when 45 is divided by p?
13
Let r be (-4)/4*(3 - 62). Calculate the remainder when 5 + -3 - (1 + -2 - r) is divided by 21.
20
Let y = 1146 - 1119. Calculate the remainder when y is divided by 8.
3
Let w = 560 + -453. Calculate the remainder when w is divided by 53.
1
Let i = -99 + 112. Calculate the remainder when 20 is divided by i.
7
Let m be -2 - ((-20 - -3) + 2). Suppose 2*k = 3*k - m. What is the remainder when 3*(58/6 + -2) is divided by k?
10
Suppose -2*k = 3*t - 671, -4*k + 2*t + 0*t = -1366. Suppose a = 5*a - k. Suppose 8*g = 3*g + a. What is the remainder when g is divided by 5?
2
Let d = 36 - 26. What is the remainder when 21 - (342/(-45) + 8/(-20)) is divided by d?
9
Let k(d) = d**3 + 22*d**2 - d - 17. Suppose 4*p - 4*a = a - 108, 4 = a. Calculate the remainder when 22 is divided by k(p).
2
Let n = 22 - 34. Let m = 21 - n. Let t(z) = 3*z**2 - 27*z - 3. What is the remainder when t(11) is divided by m?
30
Suppose 255 = 2*g - 5*x, -2*g + 5*g - 5*x - 385 = 0. Suppose 6*l = l + g. Calculate the remainder when l is divided by -4 + 5 + 0 + 13.
12
Suppose -h + 235 = 3*b + 21, 5*b + 4*h = 359. Calculate the remainder when b is divided by 50/3 + (-4)/6.
7
Suppose -6*t - 168 = -3*t. Let r = t + 85. What is the remainder when r is divided by 17?
12
Let x = 507 + -310. What is the remainder when x is divided by 99?
98
Let n(c) = 26*c - 10. Calculate the remainder when n(3) is divided by (-12)/21 + 330/14.
22
Suppose 61 = 4*k - 3. Suppose 5*h + 15 = 0, -3*l = -5*h - 3 - 15. What is the remainder when (1/l)/((-1)/(-62)) is divided by k?
14
Suppose -5*l + 5 = t, -6*t = -3*t - 4*l - 15. Calculate the remainder when t is divided by 2.
1
Let v(s) = -2*s**2 - 5*s + 3. Let l be v(-3). Suppose 18 = 3*i - l*i. Calculate the remainder when 11 is divided by i.
5
Let n(a) = 23*a - 112. Calculate the remainder when 199 is divided by n(8).
55
Let r = -44 + 90. Let l = -40 + r. Let q(t) = -t**3 - 7*t**2 - 8*t - 8. Calculate the remainder when l is divided by q(-6).
2
Suppose -4*d - 128 = -4*g, -27 - 22 = -2*g - d. Calculate the remainder when 484 is divided by g.
25
Let s(w) = -w**3 + 6*w**2 + 6*w + 6. Let q be s(7). Let f(z) = -2*z - 26. Calculate the remainder when (26/3 + q)*3 is divided by f(-16).
5
Suppose 4*b + 13 = l + 9*b, -l - 4*b + 10 = 0. Let o = 3 - l. Suppose 8 = o*r - 4*r. What is the remainder when 15 is divided by r?
7
Let q = 3 - -12. Let o = 2 + q. Suppose 0 = -g + h + 30, 58 = 2*g - 4*h - 2. What is the remainder when g is divided by o?
13
Let d(r) = -r**3 + r**2 - 7*r - 18. What is the remainder when 175 is divided by d(-2)?
7
Suppose 70*b - 66*b + 21 = l, 2*l = -5*b + 3. What is the remainder when 37 is divided by l?
1
Let o be (1/(-4) - 337/(-4)) + 1. What is the remainder when (68/o)/((-2)/(-35)) is divided by 4?
2
Let m = -1074 - -1109. Let a be -1 + 2 + 1 + 2. Suppose a*b + 2 = 50. What is the remainder when m is divided by b?
11
Let p(b) = 14*b - 2. Let h be p(2). Let g be 1 + 2 - (4 + h). Let y = g - -92. What is the remainder when y is divided by 17?
14
Let b = 72 - 57. Calculate the remainder when 104 is divided by b.
14
Let o = 24 - 1. Suppose -41 - o = -2*u. Calculate the remainder when u is divided by 9.
5
What is the remainder when 0 + 1 - (-33382 - 2)/12 is divided by 116?
115
Let z(q) = 20*q**2 - 20*q - 4. Calculate the remainder when 120 is divided by z(2).
12
Suppose -101*y + 36*y = -47*y - 342. Let s(h) = 10*h**2 + 2*h - 1. Calculate the remainder when y is divided by s(1).
8
Let a = 10 - 9. Suppose 2*t - a = -p - 6, 0 = -p - 5*t - 17. Suppose 0 = 2*v - p - 3. What is the remainder when v is divided by 2?
1
Suppose 0 = -93*b + 821 + 10339. Calculate the remainder when 1678 is divided by b.
118
Suppose 3*s = j + 280, 4*j - 31 + 201 = 2*s. What is the remainder when s is divided by 37?
21
Let m(n) = 3*n**2 - n - 23. Suppose 7*s - 11*s + 452 = 0. What is the remainder when s is divided by m(-4)?
26
Suppose 0 = -8*z + 1058 + 366. Calculate the remainder when z is divided by 36.
34
Let d = -53 + 89. Suppose -87 = -25*q + 238. What is the remainder when d is divided by q?
10
Let t(w) = -w**2 - 10*w + 17. What is the remainder when 47 is divided by t(-6)?
6
Let f(s) be the third derivative of -s**6/120 + 4*s**5/15 - 13*s**4/24 - 14*s**3/3 - 32*s**2. Calculate the remainder when 4 is divided by f(15).
0
Let j(d) = -50*d + 3. Let x be j(-1). Let p = x - 45. What is the remainder when 31 is divided by p?
7
Let f = -9 - -9. Suppose f = -9*d + 371 - 2. Calculate the remainder when d is divided by 22.
19
Suppose -4*h + 15 + 21 = 0. What is the remainder when 4 is divided by (-6 - -3)/(-9)*h?
1
Suppose q + 29 = 4*h - 230, 2*h - 2*q = 134. Calculate the remainder when 831 is divided by h.
63
Suppose 4*p - 759 - 370 = -5*m, -3*p + 843 = 3*m. Calculate the remainder when (-2)/10 - p/(-30) is divided by 5.
4
Suppose -3*z - 2 = -2*f, 0 = -5*f + z + 4*z + 5. Let p(l) = l**2 - 10*l - 5. Let w be p(10). Calculate the remainder when (-2)/(1 + 2 + w) is divided by f.
0
Let q(k) = 27*k**2 - 14*k**2 + 4 - k - 15*k**2 - 6*k**3. Calculate the remainder when q(-2) is divided by 16.
14
Let i(b) = -3*b - 1. Let r be 68/238 + 1804/7. Suppose 2*q - 5*l = r - 51, 3*q - 353 = -l. Calculate the remainder when q is divided by i(-6).
14
Let i(h) be the second derivative of -h**4/12 + 10*h**3/3 - 8*h**2 - 11*h. Let m(g) = g**2 + 2*g - 6. What is the remainder when m(7) is divided by i(18)?
17
Let k(w) = -w + 1. Let y be k(2). Let u(a) = 75*a - 1449. Calculate the remainder when u(20) is divided by 25 - (2 + 4*y).
24
Suppose -17*r + 336 - 13 = 0. Calculate the remainder when 107 is divided by r.
12
Suppose 0 = 5*l - l - 24. What is the remainder when 55 is divided by (4 - 6)*(-87)/l?
26
Suppose 3*j = 3, 6*j - 11*j = 4*k - 53. What is the remainder when (-1)/(-1) - (0 - 188) is divided by k?
9
Let b(r) = r + 2 - 3*r + 5 + 6*r. Calculate the remainder when b(9) is divided by 11.
10
Suppose -2*v - 2*g + 7 = g, 0 = -3*g - 3. Suppose 0 = -w - 2*w. Suppose 125 = v*x - w*x. Calculate the remainder when 72 is divided by x.
22
Suppose 5*a - 14 = 3*t, -3 - 1 = -2*a + 2*t. Suppose 0*b + a*b = 8. Suppose -2*h = -b, 5*s - h - 56 = 18. Calculate the remainder when 28 is divided by s.
13
Let l(f) = 14*f**2 - 2*f + 1. Suppose -2*c + 8*c - 186 = 0. Calculate the remainder when l(-2) is divided by c.
30
Let h(b) = -2*b + 4. Suppose -5*r + 38 = 3. Let u be h(r). Let s(p) = -p**2 - 13*p - 5. Calculate the remainder when s(u) is divided by 9.
7
Let w be 3*-6*10/45. Calculate the remainder when 251 is divided by (2/w)/(8/(-336)).
20
Let z(q) = 13*q + 4. Let t(b) = -b**3 + 5*b**2 + b - 14. What is the remainder when t(-4) is divided by z(3)?
40
Let a = -1 - -42. Suppose -5*g = -2*g. Suppose 0 = -2*h - 2 - g, f = 2*h + 16. What is the remainder when a is divided by f?
13
Let i = -14 + 27. Let m be 100/(-6)*(-192)/20 + 1. Suppose 3*h - 2*y - m = 0, 2*h - 82 = -5*y - 0*y. Calculate the remainder when h is divided by i.
12
Calculate the remainder when -123*((-18)/15 - (-2)/10) is divided by 21.
18
Calculate the remainder when 89 is divided by 24 + 2 + 9 + -4.
27
Suppose -